at are the prime factors of 469296?
2, 3, 3259
What are the prime factors of 492016?
2, 7, 23, 191
What are the prime factors of 266346?
2, 3, 14797
List the prime factors of 3163746.
2, 3, 527291
What are the prime factors of 3322544?
2, 281, 739
List the prime factors of 353266.
2, 173, 1021
What are the prime factors of 3104386?
2, 449, 3457
What are the prime factors of 230341?
230341
What are the prime factors of 2688494?
2, 37, 47, 773
What are the prime factors of 6327762?
2, 3, 7, 21523
What are the prime factors of 402225?
3, 5, 31, 173
What are the prime factors of 2372790?
2, 3, 5, 7, 11299
What are the prime factors of 3477616?
2, 217351
What are the prime factors of 12638339?
7, 23, 3413
List the prime factors of 2299090.
2, 5, 61, 3769
What are the prime factors of 31770579?
3, 2503, 4231
List the prime factors of 345030.
2, 3, 5, 7, 31, 53
List the prime factors of 14605433.
19, 31, 137, 181
List the prime factors of 1156983.
3, 385661
List the prime factors of 8144549.
7, 1163507
List the prime factors of 2176230.
2, 3, 5, 7, 43, 241
What are the prime factors of 15273641?
2699, 5659
What are the prime factors of 8518118?
2, 7, 19, 31, 1033
What are the prime factors of 1406005?
5, 31, 47, 193
What are the prime factors of 161643?
3, 53881
List the prime factors of 3943674.
2, 3, 7, 10433
List the prime factors of 24832576.
2, 388009
What are the prime factors of 1969436?
2, 7, 37, 1901
List the prime factors of 25468804.
2, 773, 8237
List the prime factors of 15833324.
2, 13, 17, 17911
List the prime factors of 64803.
3, 21601
List the prime factors of 3763951.
1601, 2351
List the prime factors of 37061699.
37061699
List the prime factors of 339475.
5, 37, 367
What are the prime factors of 1256805?
3, 5, 11, 2539
What are the prime factors of 194318?
2, 97159
List the prime factors of 25166453.
13, 1935881
List the prime factors of 17513563.
47, 372629
List the prime factors of 1915016.
2, 17, 14081
List the prime factors of 991064.
2, 43, 67
What are the prime factors of 129071?
337, 383
List the prime factors of 1411991.
7, 43, 4691
List the prime factors of 3361500.
2, 3, 5, 83
What are the prime factors of 1044974?
2, 7, 10663
What are the prime factors of 10316759?
163, 167, 379
What are the prime factors of 5530490?
2, 5, 7, 41, 47
What are the prime factors of 3655097?
109, 33533
What are the prime factors of 900557?
7, 127, 1013
What are the prime factors of 2124064?
2, 66377
What are the prime factors of 8428380?
2, 3, 5, 140473
List the prime factors of 209001.
3, 13, 23, 233
List the prime factors of 13707721.
19, 73, 9883
What are the prime factors of 483962?
2, 241981
What are the prime factors of 7545405?
3, 5, 7, 71861
What are the prime factors of 656831?
7, 103, 911
What are the prime factors of 3412530?
2, 3, 5, 11, 383
What are the prime factors of 55814?
2, 11, 43, 59
What are the prime factors of 219095?
5, 29, 1511
What are the prime factors of 909444?
2, 3, 75787
What are the prime factors of 12304920?
2, 3, 5, 41, 61
What are the prime factors of 168572?
2, 17, 37, 67
What are the prime factors of 486782?
2, 243391
List the prime factors of 12308417.
11, 1118947
List the prime factors of 197783.
97, 2039
What are the prime factors of 17366710?
2, 5, 1736671
List the prime factors of 10586274.
2, 3, 17, 103787
List the prime factors of 2201562.
2, 3, 11, 11119
List the prime factors of 11904314.
2, 5952157
List the prime factors of 470891.
470891
List the prime factors of 3136625.
5, 23, 1091
What are the prime factors of 196281?
3, 113, 193
What are the prime factors of 167083?
7, 23869
List the prime factors of 41774.
2, 20887
What are the prime factors of 6447055?
5, 1289411
What are the prime factors of 138023?
17, 23, 353
What are the prime factors of 17115137?
13, 101273
List the prime factors of 951411.
3, 103, 3079
What are the prime factors of 14513503?
14513503
What are the prime factors of 538170?
2, 3, 5, 17939
List the prime factors of 78266.
2, 39133
What are the prime factors of 35315?
5, 7, 1009
What are the prime factors of 801476?
2, 13, 15413
What are the prime factors of 283952?
2, 17747
What are the prime factors of 1436788?
2, 31, 11587
What are the prime factors of 2326976?
2, 103, 353
List the prime factors of 14060823.
3, 7, 139, 4817
What are the prime factors of 45937?
71, 647
What are the prime factors of 310209?
3, 53, 1951
What are the prime factors of 188724?
2, 3, 15727
What are the prime factors of 1030820?
2, 5, 7, 37, 199
What are the prime factors of 118939?
83, 1433
What are the prime factors of 82112?
2, 1283
What are the prime factors of 15697532?
2, 31, 71, 1783
What are the prime factors of 3013852?
2, 753463
What are the prime factors of 3257695?
5, 7, 93077
List the prime factors of 1968259.
29, 67, 1013
List the prime factors of 166902.
2, 3, 27817
List the prime factors of 365186.
2, 182593
List the prime factors of 1364818.
2, 7, 13, 7499
What are the prime factors of 9305897?
29, 107, 2999
What are the prime factors of 633098?
2, 23, 13763
List the prime factors of 398995.
5, 199, 401
List the prime factors of 551460.
2, 3, 5, 7, 13, 101
What are the prime factors of 52550?
2, 5, 1051
What are the prime factors of 408972?
2, 3, 173, 197
What are the prime factors of 2935607?
31, 281, 337
List the prime factors of 611272.
2, 109, 701
List the prime factors of 2050650.
2, 3, 5, 7, 31
List the prime factors of 33764746.
2, 137, 123229
List the prime factors of 4540394.
2, 17, 133541
List the prime factors of 200901.
3, 167, 401
List the prime factors of 232051.
232051
List the prime factors of 4411979.
11, 13, 30853
What are the prime factors of 3189125?
5, 31, 823
What are the prime factors of 719002?
2, 359501
What are the prime factors of 2910729?
3, 73, 13291
What are the prime factors of 40476?
2, 3, 3373
List the prime factors of 15992020.
2, 5, 11, 157, 463
List the prime factors of 1889927.
13, 53, 211
List the prime factors of 9422148.
2, 3, 17, 46187
List the prime factors of 532053.
3, 31, 1907
List the prime factors of 17023321.
7, 853, 2851
List the prime factors of 19738051.
19738051
What are the prime factors of 13095644?
2, 17, 192583
List the prime factors of 143197.
143197
List the prime factors of 19793207.
7, 67, 6029
List the prime factors of 357355.
5, 71471
What are the prime factors of 280154?
2, 7, 20011
List the prime factors of 1530422.
2, 765211
What are the prime factors of 10287660?
2, 3, 5, 31, 5531
What are the prime factors of 100439?
47, 2137
List the prime factors of 221073.
3, 59, 1249
What are the prime factors of 22803330?
2, 3, 5, 11, 43, 1607
What are the prime factors of 884566?
2, 442283
List the prime factors of 1036401.
3, 79, 4373
What are the prime factors of 16469615?
5, 3293923
What are the prime factors of 408229?
408229
What are the prime factors of 107867?
107867
List the prime factors of 12205890.
2, 3, 5, 5023
What are the prime factors of 1029756?
2, 3, 7, 13, 23, 41
List the prime factors of 7012193.
7012193
List the prime factors of 23838541.
47, 491, 1033
List the prime factors of 7693848.
2, 3, 106859
List the prime factors of 714264.
2, 3, 29761
What are the prime factors of 953331?
3, 317777
What are the prime factors of 9024809?
23, 392383
List the prime factors of 5236901.
17, 107, 2879
What are the prime factors of 7159928?
2, 79, 11329
List the prime factors of 28429094.
2, 53, 268199
What are the prime factors of 25339613?
13, 1949201
List the prime factors of 4355948.
2, 1088987
What are the prime factors of 4578011?
1723, 2657
List the prime factors of 445651.
613, 727
What are the prime factors of 14592957?
3, 4864319
What are the prime factors of 154530?
2, 3, 5, 17, 101
List the prime factors of 1416777.
3, 23, 20533
List the prime factors of 29210085.
3, 5, 216371
List the prime factors of 1535051.
7, 219293
List the prime factors of 18193728.
2, 3, 7, 13537
List the prime factors of 7679454.
2, 3, 73, 89, 197
List the prime factors of 257654.
2, 47, 2741
What are the prime factors of 83007?
3, 23, 401
List the prime factors of 111669.
3, 37223
What are the prime factors of 763759?
17, 44927
List the prime factors of 749542.
2, 374771
List the prime factors of 1811717.
29, 62473
What ar